 = -5*u - 4 + 9, 3*o + b*u = -23. Give m(o).
8
Let n be ((-38)/(-3) - 12) + 62/6. Let f(w) = -w**2 + 11*w + 8. Determine f(n).
8
Let k(d) = -10*d - 8. Let b be k(-6). Suppose 3*f + f = b. Let z(u) = -14*u - 4. Let l(t) = -7*t - 2. Let w(o) = f*l(o) - 6*z(o). Determine w(-2).
12
Let a(h) = -2*h + 9 - 2*h**2 + 18 - 25*h + 5*h**2. Let k(d) = 2*d**2 - 18*d + 18. Let o(v) = -5*a(v) + 8*k(v). Calculate o(7).
-5
Let h(a) = -13*a**2 + 12*a**2 + a - 11 + 10. Calculate h(3).
-7
Let f(n) = -3*n - 19. Let d(p) = -2*p - 13. Let v(w) = -3*w**2 - w + 2. Let q be v(-2). Let o(u) = q*d(u) + 5*f(u). Give o(-7).
2
Let r(g) = g**2 - 8*g - 2. Let a(v) = v**3 + 14*v**2 + 48*v + 7. Let t be a(-8). What is r(t)?
-9
Let u(d) = d**2 - 2*d + 1. Let c = 85 + -81. Suppose 0 = -5*p + 2*t + 3*t + 30, 1 = -c*p - t. Calculate u(p).
0
Let c = -57 - -60. Let w(u) be the third derivative of 1/120*u**6 + 1/3*u**3 + 0 + u**2 - 1/60*u**5 - 5/24*u**4 + 0*u. Calculate w(c).
5
Let m(z) be the first derivative of z**2/2 - 14*z + 11. Give m(-10).
-24
Suppose -2*s + 5 = 3*s. Let o be s/2 + 20/8. Let f be -4*o/6 + 3. Let l(i) = i. What is l(f)?
1
Let t = 1959 + -1965. Let s(i) = 6*i + 4. Give s(t).
-32
Suppose 0 = 2*r + 11*r - 39. Let m(c) = -4*c**2 - r*c + 2 - c**2 + 6*c**2. What is m(2)?
0
Let d(b) = 2*b**3 + 2*b**2 - 5*b - 6. Let n be d(-2). Let t be -5 - (0 + n/(-2)). Let s(z) be the first derivative of z**2/2 + 9*z + 1. Give s(t).
2
Suppose -84 = 6*a - 12*a. Suppose 2*i = 8, -4*b = -5*i - 123 - 53. Let v be (-5)/(-7) + a/b. Let w(g) = -9*g**3 + g**2 - 2*g + 1. Determine w(v).
-9
Let k(p) = 5*p**2 - 7*p - 11. Let f(h) = 2*h**2 - 2. Let v(s) = 3*f(s) - k(s). Let u(d) = -2*d + 4. Let o be u(4). Calculate v(o).
-7
Let i(j) = j**3 + 18*j**2 + 20*j + 9. Let c be i(-17). Let o = 40 + c. Let q(b) = b**3 + 2*b**2 + 3*b + 2. What is q(o)?
-4
Suppose k + 20 = 6*k, 16 = -4*r + 5*k. Let t be ((3 - -3)/(-2))/(-1). Let v(j) = 3*j**3 + 0*j**2 + 0*j**2 + 10*j**t - j. What is v(r)?
12
Let y(h) = h**3 - 10*h**2 - 7*h - 52. Let f be y(11). Let z(a) = a**2 + 6*a - 5. What is z(f)?
11
Let v be (2*(-16 + -1))/(-2). Suppose 5*i + 42 - 127 = -5*j, -v = -j - 4*i. Suppose -5*y = -3 - j. Let x(n) = -n - 1. Give x(y).
-5
Let x(j) = -2*j - 19. Let h be (70/(-5) - -4) + 10. Give x(h).
-19
Let q be 0/(-2)*4/4. Suppose -5*r - 2*n - 12 = 0, q*r - 5*n + 4 = 4*r. Let d(t) = -t**3 - 5*t**2 - 4*t. What is d(r)?
0
Let o(n) be the first derivative of -n**6/45 - n**5/60 + n**4/24 + 14*n**3/3 - 21. Let s(t) be the third derivative of o(t). Give s(1).
-9
Let l(j) = 0 + 1 + j - 5 + 6 + 1. Determine l(2).
5
Let u be 3/(-6) + (1 - 45/(-6)). Let a(y) = -4*y**2 - 2*y - 1. Let v(m) = 11*m**2 + 5*m + 2. Let d(c) = u*a(c) + 3*v(c). Determine d(4).
10
Let b(t) = 24*t - 101 - 40 - 86 - 31 + 144. Give b(5).
6
Let z = 11/1140 + 2/285. Let a(g) be the third derivative of 3*g**2 - g**3 + 0*g + 0 + 5/24*g**4 + z*g**5. What is a(-5)?
-6
Let u(d) = d**3 + d**2 - 1. Let i(p) = -7*p**3 - 16*p**2 + 10*p - 9. Let h(l) = -i(l) - 6*u(l). Determine h(-11).
4
Let n(h) = h**3 - h - 1. Let y = -816 + 814. Calculate n(y).
-7
Let q(f) be the third derivative of -f**8/20160 + f**7/1008 + f**6/144 + 29*f**5/60 - 6*f**2. Let a(m) be the third derivative of q(m). Determine a(5).
5
Suppose -2*u - 3*u + 3*r + 27 = 0, 5*u - r = 29. Let m(p) = 1 - 5*p**2 - 7*p**3 + 0*p**3 + 5*p + u*p**3. Let j be m(-6). Let z(d) = d**2 - 7*d. Determine z(j).
0
Let v(q) = -q**2 + 6*q - 7. Let z(r) = -r. Let a be 618/(-90) + (-6)/45. Let p = -13 - a. Let w be z(p). What is v(w)?
-7
Let j(d) = 0*d + 23 - 1 - 2*d - 25. Calculate j(-2).
1
Let w(h) = h**3 + h**2 - 2*h. Let s = -60 + 56. Suppose 0*f = 5*d + 3*f + 22, 12 = -2*d - 2*f. Let t = s - d. What is w(t)?
0
Let b(i) = -i**3 + 5*i**2 - 4*i - 8. Let l(h) = -h**3 + 6*h**2 - 5*h - 7. Let m be 230/55 - (-6)/(-33). Let x(u) = m*l(u) - 5*b(u). Determine x(0).
12
Suppose -2*g - 5 = -13. Let r(u) = -u - 6*u + g*u + 2*u. Let d be r(-6). Let j(i) = -i**2 + 6*i + 1. Calculate j(d).
1
Let n be ((-9)/(-6))/(5/(-10)). Let q(a) = -3*a**3 - 149*a + 4*a**3 + 2 + 307*a - 154*a + 5*a**2. Determine q(n).
8
Suppose b - 19 = -2*b - 5*o, -3*o = -3*b - 21. Let v be (-75)/(-9) + b/6. Let l(w) = w**3 - 9*w**2 + 7*w. What is l(v)?
-8
Suppose g = -2*i + 4*g - 3, -2*i - 18 = 2*g. Let m(x) = 2*x + 3. Let u(o) = 3*o + 4. Let n(h) = 4*m(h) - 3*u(h). What is n(i)?
6
Let q(x) = x**2 - 2*x + 1. Let v = 397 - 400. Give q(v).
16
Let t(z) = -26*z - 2 - z**2 + 27*z + 12. Give t(0).
10
Suppose 159*h - 155*h = 8. Let z(y) = -y + 5*y**h + 6 - 11*y**2 + 4*y - y**3 + 0*y. Let w(x) = -x - 1. Let v be w(5). Calculate z(v).
-12
Let y(h) = h**3 + 6*h**2 + 3*h - 12. Let o be y(-5). Let p be (1 - (o - -1)) + (-7 - -10). Let m(a) = -a**2 + 5*a + 4. What is m(p)?
4
Let w(b) be the first derivative of b**2 - 11*b + 19. Let c be w(5). Let k(l) = l**3 - l**2 - l. What is k(c)?
-1
Suppose -3*s + 4 = -5. Let o(v) be the first derivative of -2*v**3/3 + 5*v**2/2 - 2*v - 332. Calculate o(s).
-5
Let p(n) = -2 + n**2 + 31 - 36 + 5*n. Determine p(-6).
-1
Suppose 0*y = -y + 3. Let j be -3 - (4 - y)*-8. Let p(w) be the second derivative of -w**5/20 + 5*w**4/12 - w**3/3 + 3*w**2/2 + 2*w. Determine p(j).
-7
Suppose -2*h - 28 = -s, -2*h + 4*s - 26 = -4. Let f be h/2*26/39. Let c(v) = -4*v + 1 - 4*v**2 - 3*v + 3*v**2 + 0*v. Calculate c(f).
11
Let m be (0 - (-2 - 0))*-1. Let a(v) = 17*v**2 + 5*v - 5. Let k be 4/(-22) - (2 + (-230)/55). Let u(i) = -4*i**2 - i + 1. Let p(h) = k*a(h) + 9*u(h). Give p(m).
-11
Let k(c) = -3*c - 35. Let o be k(-14). Let s(q) = 11*q - 5*q - 6*q + 2*q - o*q**2 + 1. Calculate s(-1).
-8
Let g(i) = i - 2. Let l be (-1 - 1)*10/(-4). Let f be (-3 + (l - 2))/(-2). Let z(y) = -y + 3. Let w be z(f). Determine g(w).
1
Let d(i) be the second derivative of 4*i + 5/6*i**3 + 1/3*i**4 - 1/20*i**5 + 0 - 3*i**2. Give d(4).
14
Suppose 0 = -3*c + 5*c + 6. Let q(f) = -5*f**3 + 2*f**2 - 2*f - 10. Let i(w) = -w**3 - 1. Let m = -28 - -29. Let b(d) = m*q(d) - 6*i(d). What is b(c)?
-7
Let n = 9 - 14. Let u be -6 - (1 + -1 - 10). Let s(c) = 92 - 4*c - 178 + c**3 + 92 + u*c**2. Calculate s(n).
1
Let q = -11 - -14. Suppose 5*x = -3*m + 7, 2*x + x = q*m + 9. Let z(d) = 2*d + 3*d**2 - 1 - 2*d + 5*d**x. Give z(-1).
7
Let i(p) = 2*p + 25. Let n(j) = 4 + 14*j - 19*j + 4*j - 16. Let l(v) = -6*i(v) - 13*n(v). What is l(-4)?
2
Let b be (-2)/(3 + -2 + 0). Let a be (-1)/(-2) + 18/12. Let w(o) = 5*o - 2 - o - a*o. Give w(b).
-6
Let y be 4/(-6) + (-106)/(-6). Suppose 2*t + 5*o - 37 = -2*t, 4*t + o = y. Let g(d) be the third derivative of d**5/20 - d**4/8 - d**3/3 - 834*d**2. Give g(t).
16
Let v(i) = i**3 + 4*i**2 + i + 1. Let g(q) = 19. Let z(w) = w. Let n(a) = 2*g(a) + 4*z(a). Let u be n(-10). Give v(u).
7
Let x(n) be the third derivative of -n**4/12 + n**2 - n. Suppose -4*w - 5*m + 3 - 15 = 0, -3*w - 9 = 4*m. Determine x(w).
6
Suppose 12 = a + 11. Let d be 9 + 5/(-1) - (-1 + a). Let t(c) = 4*c - 6. Give t(d).
10
Let r(a) = 17*a**2 - a + 5. Let k(s) = -10*s**2 + s - 3. Let q(v) = 5*k(v) + 3*r(v). Determine q(2).
8
Let o = 608 + -607. Let a(q) = 12*q**3 - 2*q**2 + 2*q - 1. What is a(o)?
11
Let f be (-1330)/(-60) + (-1)/6 + -6. Let w(b) = -b + 25. What is w(f)?
9
Let k(b) be the first derivative of 3*b**2/2 - b + 62. Let h(i) = i**3 + 6*i**2 + 6*i + 6. Let d be h(-5). Let z be (-2 + 3)/d - 4. What is k(z)?
-10
Let r(g) = 1. Let w = 35 + -32. Let k(q) = q - 2. Let x(v) = w*r(v) - k(v). Give x(9).
-4
Let a(x) be the third derivative of x**6/360 + x**5/60 + x**4/8 - 5*x**3/2 - 6*x**2. Let n(v) be the first derivative of a(v). Give n(-3).
6
Suppose 0 = 4*a + 5 - 1. Let f be (-2 + (a - -2))*-3. Let b(m) be the second derivative of -m**5/20 + 5*m**4/12 - m**3/2 - 3*m**2/2 - 282*m. Calculate b(f).
6
Let w(d) = -4*d**2 - 4*d + 5. Let h(n) = -3*n**2 - 3*n + 4. Let j(y) = -3*h(y) + 2*w(y). Let f(p) = -p**2 + 10*p - 9. Let a be f(9). Determine j(a).
-2
Let k(h) = -h**2 + 3*h + 33. Let n be k(7). Suppose -n*v + 3*p - 4 = p, -13 = 2*v + 3*p. Let x(w) = -12*w + 2. Calculate x(v).
26
Let o(v) = v**3 - 7*v**2 + 6*v + 6. Let k be 5/(7/(210/25)). Determine o(k).
6
Let m(c) = -c**3 - 5*c**2 - 1. Let z be 1/(-1)*(-12)/4. Suppose -z*t = -4*t - 5. What is m(t)?
-1
Let c(x) be the third derivative of -x**5/60 - 3*x**4/8 + 11*x**3